 divide 2960?
True
Does 29 divide 79899?
False
Is 146 a factor of 616?
False
Does 3 divide 1347?
True
Is 17 a factor of 16636?
False
Is 3698 a multiple of 12?
False
Is 10 a factor of 248?
False
Is 35 a factor of 417?
False
Does 177 divide 47018?
False
Is 248 a multiple of 20?
False
Does 117 divide 653?
False
Is 1664 a multiple of 7?
False
Does 31 divide 3192?
False
Does 9 divide 8868?
False
Is 17 a factor of 4162?
False
Is 1806 even?
True
Does 4 divide 986?
False
Is 33 a factor of 726?
True
Is 85 a factor of 3733?
False
Does 12 divide 1250?
False
Is 125 a factor of 42313?
False
Does 17 divide 68?
True
Is 446 a multiple of 10?
False
Is 3 a factor of 25?
False
Does 17 divide 4726?
True
Is 629 a multiple of 37?
True
Is 3 a factor of 1068?
True
Is 4524 a multiple of 36?
False
Is 4 a factor of 138?
False
Is 1076 a multiple of 50?
False
Is 6 a factor of 96?
True
Is 39 a factor of 3237?
True
Is 66 a factor of 278?
False
Does 11 divide 5874?
True
Is 2 a factor of 2945?
False
Does 103 divide 14386?
False
Is 10 a factor of 1310?
True
Is 36 a factor of 396?
True
Does 29 divide 3886?
True
Does 127 divide 8763?
True
Does 62 divide 868?
True
Is 2 a factor of 2?
True
Does 2 divide 40?
True
Is 15 a factor of 53?
False
Is 4649 a multiple of 29?
False
Is 17 a factor of 10535?
False
Does 14 divide 2659?
False
Is 15 a factor of 1894?
False
Is 7 a factor of 268?
False
Does 5 divide 193?
False
Does 82 divide 4148?
False
Is 59820 a multiple of 12?
True
Is 15 a factor of 48931?
False
Is 92 a multiple of 23?
True
Does 21 divide 12432?
True
Is 300 a multiple of 30?
True
Is 1829 a multiple of 6?
False
Is 17 a factor of 1938?
True
Does 11 divide 4369?
False
Does 10 divide 740?
True
Is 307 a multiple of 2?
False
Is 3215 a multiple of 17?
False
Is 19380 a multiple of 51?
True
Is 46 a multiple of 46?
True
Does 11 divide 902?
True
Is 23 a factor of 1104?
True
Is 128 a multiple of 4?
True
Is 7 a factor of 196?
True
Does 18 divide 216?
True
Does 14 divide 720?
False
Is 127 a factor of 17018?
True
Is 13 a factor of 32508?
False
Is 40 a factor of 112399?
False
Does 47 divide 987?
True
Does 12 divide 2652?
True
Is 42 a factor of 4914?
True
Does 37 divide 15984?
True
Is 16 a factor of 849?
False
Is 37 a factor of 141559?
False
Is 22 a factor of 2244?
True
Does 220 divide 54560?
True
Is 30 a factor of 4170?
True
Is 81 a multiple of 9?
True
Is 10 a factor of 420?
True
Does 19 divide 54679?
False
Does 21 divide 987?
True
Is 338 a multiple of 26?
True
Does 24 divide 981?
False
Is 7 a factor of 1463?
True
Is 1829 a multiple of 13?
False
Does 188 divide 52828?
True
Is 32198 a multiple of 121?
False
Is 1021 a multiple of 25?
False
Is 11 a factor of 12248?
False
Does 12 divide 94944?
True
Is 11 a factor of 3186?
False
Does 40 divide 4583?
False
Is 38 a factor of 1088?
False
Is 6 a factor of 623?
False
Does 37 divide 99086?
True
Is 62 a factor of 1240?
True
Is 648 a multiple of 8?
True
Is 172 a multiple of 6?
False
Does 48 divide 11160?
False
Is 43 a multiple of 4?
False
Is 4836 a multiple of 12?
True
Is 5587 a multiple of 10?
False
Is 16 a factor of 29322?
False
Is 7 a factor of 63?
True
Is 7404 a multiple of 36?
False
Is 51 a factor of 1785?
True
Is 34454 a multiple of 322?
True
Is 725 a multiple of 9?
False
Is 349 a factor of 67706?
True
Is 10413 a multiple of 31?
False
Is 134 a factor of 61908?
True
Does 13 divide 22746?
False
Is 7 a factor of 731?
False
Is 43 a factor of 215?
True
Is 6 a factor of 43841?
False
Does 12 divide 12857?
False
Is 7 a factor of 567?
True
Is 6 a factor of 2775?
False
Does 31 divide 2511?
True
Is 4642 a multiple of 85?
False
Is 24 a factor of 57984?
True
Is 1755 a multiple of 15?
True
Is 19 a multiple of 4?
False
Is 22 a factor of 25461?
False
Is 1281 a multiple of 45?
False
Is 8785 a multiple of 35?
True
Is 9202 a multiple of 86?
True
Is 1012 even?
True
Is 780 a multiple of 52?
True
Is 21 a factor of 716?
False
Does 52 divide 208?
True
Is 141 a multiple of 22?
False
Is 18097 a multiple of 16?
False
Does 146 divide 15269?
False
Is 21 a factor of 819?
True
Does 22 divide 1034?
True
Is 36 a factor of 2160?
True
Is 112263 a multiple of 23?
True
Is 14352 a multiple of 12?
True
Is 29 a factor of 5332?
False
Is 345 even?
False
Does 41 divide 2013?
False
Is 15 a factor of 1384?
False
Does 11 divide 1228?
False
Does 17 divide 663?
True
Is 504 a multiple of 14?
True
Is 129 a factor of 70056?
False
Is 428 a multiple of 32?
False
Is 7201 a multiple of 19?
True
Is 51 a factor of 10608?
True
Is 4 a factor of 11540?
True
Is 9 a factor of 378?
True
Is 1326 a multiple of 13?
True
Is 7 a factor of 39936?
False
Does 18 divide 774?
True
Does 23 divide 7061?
True
Does 24 divide 48153?
False
Does 26 divide 2566?
False
Is 6741 a multiple of 63?
True
Is 11 a factor of 1143?
False
Is 12 a factor of 11460?
True
Is 8 a factor of 28791?
False
Does 80 divide 23304?
False
Is 4 a factor of 702?
False
Is 8568 a multiple of 17?
True
Does 120 divide 10527?
False
Does 12 divide 14589?
False
Is 31020 a multiple of 110?
True
Is 1855 a multiple of 10?
False
Does 24 divide 111652?
False
Is 5126 a multiple of 11?
True
Does 99 divide 11234?
False
Is 40 a factor of 1000?
True
Is 1266 a multiple of 7?
False
Is 35775 a multiple of 38?
False
Is 67 a factor of 10110?
False
Does 36 divide 90346?
False
Is 105 a factor of 1596?
False
Does 92 divide 13524?
True
Does 15 divide 75?
True
Is 2409 a multiple of 21?
False
Is 168 a multiple of 6?
True
Is 19810 a multiple of 120?
False
Does 24 divide 9393?
False
Does 25 divide 22464?
False
Does 4 divide 2164?
True
Does 117 divide 71394?
False
Is 13 a factor of 1150?
False
Is 14820 a multiple of 247?
True
Does 34 divide 61?
False
Is 686 a multiple of 63?
False
Is 2618 a multiple of 109?
False
Is 4 a factor of 3950?
False
Does 113 divide 339?
True
Does 35 divide 483?
False
Is 588 a multiple of 12?
True
Is 22 a factor of 1760?
True
Is 54 a factor of 1022?
False
Is 20331 a multiple of 81?
True
Does 6 divide 360?
True
Does 34 divide 15436?
True
Is 12144 a multiple of 11?
True
Is 7102 a multiple of 4?
False
Is 8 a factor of 544?
True
Does 29 divide 2632?
False
Is 413 a multiple of 28?
False
Is 20 a factor of 377?
False
Is 5587 a multiple of 62?
False
Is 42 a factor of 3049?
False
Does 31 divide 15717?
True
Does 124 divide 2852?
True
Does 36 divide 2304?
True
Is 89 a multiple of 2?
False
Is 128 a factor of 4434?
False
Does 19 divide 940?
False
Is 2849 a multiple of 127?
False
Does 8 divide 72?
True
Does 4 divide 16?
True
Is 160 a factor of 12480?
True
Does 48 divide 14784?
True
Is 3 a factor of 243?
True
Is 85 a factor of 15193?
False
Is 29 a factor of 12180?
True
Is 219 a factor of 7748?
False
Is 11 a factor of 69692?
False
Does 7 divide 2547?
False
Is 3990 a multiple of 30?
True
Is 3 a factor of 8991?
True
Is 4 a factor of 3924?
True
Is 9115 a multiple of 14?
False
Does 7 divide 2490?
False
Does 25 divide 975?
True
Is 41 a factor of 4100?
True
Does 71 divide 25986?
True
Does 17 divide 15074?
False
Does 21 divide 32907?
True
Is 21 a factor of 14414?
False
Is 742 a multiple of 45?
False
Does 127 divide 6604?
True
Is 1180 a multiple of 59?
True
Does 6 divide 305?
False
Is 85 a factor of 14960?
True
Does 7 divide 456?
False
Does 109 divide 11040?
False
Is 1309 a multiple of 17?
True
Does 7 divide 623?
True
Is 148 a factor of 9028?
True
Is 3 a factor of 449?
False
Does 43 divide 657?
False
Does 73 divide 18851?
False
Is 5309 a multiple of 3?
False
Is 2078 a multiple of 22?
False
Does 16 divide 67213?
False
Is 14518 a multiple of 106?
False
Is 29 a factor of 1052?
False
Is 6071 a multiple of 42?
False
Is 15 a factor of 360?
True
Does 2 divide 2355?
False
Is 6 a factor of 66?
True
Is 994 a multiple of 21?
False
Does 15 divide 7425?
True
Is 153 a multiple of 82?
False
Is 14 a factor of 322?
True
Does 130 divide 17030?
True
Is 25185 a multiple of 26?
False
Is 9724 a multiple of 68?
True
Does 74 divide 3108?
True
Does 8 divide 360?
True
Is 8 a factor of 1764?
False
Is 23880 a multiple of 6?
True
Is 11 a factor of 13356?
False
Is 233 a factor of 51530?
False
Does 15 divide 5250?
True
Is 42 a factor of 8108?
False
Does 20 divide 380?
True
Is 2179 a multiple of 9?
False
Does 5 divide 3535?
True
Is 9098 a multiple of 156?
False
Does 6 divide 724?
False
Is 7 a factor of 518?
True
